{"id":5,"date":"2021-11-19T15:49:03","date_gmt":"2021-11-19T15:49:03","guid":{"rendered":"http:\/\/urbanisationharmonieusedesauzet.fr\/?page_id=5"},"modified":"2025-11-22T14:51:16","modified_gmt":"2025-11-22T13:51:16","slug":"about","status":"publish","type":"page","link":"https:\/\/urbanisationharmonieusedesauzet.fr\/","title":{"rendered":"Accueil"},"content":{"rendered":"\n<h2 class=\"wp-block-heading\">Pour une urbanisation harmonieuse de Sauzet<\/h2>\n\n\n\n<p><em>En 2019, beaucoup de Sauzillards se sont inqui\u00e9t\u00e9s des projets importants d\u2019urbanisation pr\u00e9vus au futur PLU de Sauzet. Afin d&rsquo; \u00e9viter que notre village perde son \u00e2me, nous avons cr\u00e9\u00e9 l&rsquo;association \u00ab\u00a0Pour une Urbanisation Harmonieuse de Sauzet\u00a0\u00bb, pour faire entendre la voix des habitants aupr\u00e8s de la mairie, de&nbsp;<a href=\"https:\/\/www.montelimar-agglo.fr\/amenagement-du-territoire\/urbanisme\/plui-et-enquetes-publiques\" target=\"_blank\" rel=\"noreferrer noopener\">Mont\u00e9limar &#8211; Agglo<\/a>&nbsp;et de la pr\u00e9fecture de la Drome.<\/em><\/p>\n\n\n\n<h2 class=\"wp-block-heading\">LE MOT DU PR\u00c9SIDENT<\/h2>\n\n\n\n<p><strong>LE MOT DU PR\u00c9SIDENT<\/strong><\/p>\n\n\n\n<p>Chers adh\u00e9rents,<\/p>\n\n\n\n<p>\u00c0 la suite de nos diff\u00e9rents courriers, l\u2019Agglo-Mont\u00e9limar a pris acte de notre souhait de suivre et participer \u00e0 l\u2019\u00e9laboration du PLUI -H pour Sauzet. Pour la premi\u00e8re fois, l&rsquo;association a \u00e9t\u00e9 invit\u00e9e vendredi 11 avril \u00e0 Charols dans le cadre d\u2019une rencontre organis\u00e9e par l\u2019\u00e9quipe en charge de la pr\u00e9paration du PLUI-H. Quelques associations, plusieurs entreprises et de nombreux maires \u00e9taient pr\u00e9sents mais pas celui de Sauzet&nbsp;! <\/p>\n\n\n\n<p>La rencontre fut l\u2019occasion de faire la connaissance de plusieurs maires voisins et d\u2019appr\u00e9cier leur engagement sans faille pour faire progresser leurs communes.<\/p>\n\n\n\n<p>La derni\u00e8re r\u00e9union publique PLUI-H a eu lieu en septembre \u00e0 Cl\u00e9on d&rsquo;Andran. Elle n&rsquo;a fait que reprendre les grandes id\u00e9es du projet. Il faudra donc encore attendre pour connaitre les grandes orientations du PADD (avant-projet du document PLUI-H final). Nous sommes impatients de connaitre les nouvelles r\u00e8gles qui s\u2019appliqueront pour les 15 prochaines ann\u00e9es.<\/p>\n\n\n\n<p>Antoine Daguet<br>Pr\u00e9sident de l\u2019association<\/p>\n\n\n\n<p><br><\/p>\n\n\n<div class=\"wp-block-image\">\n<figure class=\"alignright size-full is-resized\"><a href=\"https:\/\/www.facebook.com\/groups\/1400219747544498\" target=\"_blank\" rel=\"noreferrer noopener\"><img loading=\"lazy\" decoding=\"async\" width=\"389\" height=\"129\" src=\"http:\/\/urbanisationharmonieusedesauzet.fr\/wp-content\/uploads\/2023\/08\/fimages.jpeg\" alt=\"\" class=\"wp-image-406\" style=\"width:169px;height:auto\" srcset=\"https:\/\/urbanisationharmonieusedesauzet.fr\/wp-content\/uploads\/2023\/08\/fimages.jpeg 389w, https:\/\/urbanisationharmonieusedesauzet.fr\/wp-content\/uploads\/2023\/08\/fimages-300x99.jpeg 300w\" sizes=\"auto, (max-width: 389px) 100vw, 389px\" \/><\/a><\/figure>\n<\/div>\n\n\n<p><\/p>\n","protected":false},"excerpt":{"rendered":"<p>Pour une urbanisation harmonieuse de Sauzet En 2019, beaucoup de Sauzillards se sont inqui\u00e9t\u00e9s des projets importants d\u2019urbanisation pr\u00e9vus au futur PLU de Sauzet. Afin d&rsquo; \u00e9viter que notre village perde son \u00e2me, nous avons cr\u00e9\u00e9 l&rsquo;association \u00ab\u00a0Pour une Urbanisation Harmonieuse de Sauzet\u00a0\u00bb, pour faire entendre la voix des habitants aupr\u00e8s de la mairie, de&nbsp;Mont\u00e9limar &hellip; <\/p>\n<p class=\"link-more\"><a href=\"https:\/\/urbanisationharmonieusedesauzet.fr\/\" class=\"more-link\">Continuer la lecture<span class=\"screen-reader-text\"> de &laquo;&nbsp;Accueil&nbsp;&raquo;<\/span><\/a><\/p>\n","protected":false},"author":1,"featured_media":0,"parent":0,"menu_order":0,"comment_status":"closed","ping_status":"closed","template":"","meta":{"om_disable_all_campaigns":true,"_monsterinsights_skip_tracking":false,"_monsterinsights_sitenote_active":false,"_monsterinsights_sitenote_note":"","_monsterinsights_sitenote_category":0,"footnotes":""},"class_list":["post-5","page","type-page","status-publish","hentry"],"aioseo_notices":[],"_links":{"self":[{"href":"https:\/\/urbanisationharmonieusedesauzet.fr\/index.php\/wp-json\/wp\/v2\/pages\/5","targetHints":{"allow":["GET"]}}],"collection":[{"href":"https:\/\/urbanisationharmonieusedesauzet.fr\/index.php\/wp-json\/wp\/v2\/pages"}],"about":[{"href":"https:\/\/urbanisationharmonieusedesauzet.fr\/index.php\/wp-json\/wp\/v2\/types\/page"}],"author":[{"embeddable":true,"href":"https:\/\/urbanisationharmonieusedesauzet.fr\/index.php\/wp-json\/wp\/v2\/users\/1"}],"replies":[{"embeddable":true,"href":"https:\/\/urbanisationharmonieusedesauzet.fr\/index.php\/wp-json\/wp\/v2\/comments?post=5"}],"version-history":[{"count":64,"href":"https:\/\/urbanisationharmonieusedesauzet.fr\/index.php\/wp-json\/wp\/v2\/pages\/5\/revisions"}],"predecessor-version":[{"id":732,"href":"https:\/\/urbanisationharmonieusedesauzet.fr\/index.php\/wp-json\/wp\/v2\/pages\/5\/revisions\/732"}],"wp:attachment":[{"href":"https:\/\/urbanisationharmonieusedesauzet.fr\/index.php\/wp-json\/wp\/v2\/media?parent=5"}],"curies":[{"name":"wp","href":"https:\/\/api.w.org\/{rel}","templated":true}]}}