{"id":74,"date":"2021-11-20T17:33:53","date_gmt":"2021-11-20T16:33:53","guid":{"rendered":"http:\/\/urbanisationharmonieusedesauzet.fr\/?page_id=74"},"modified":"2025-11-22T11:43:29","modified_gmt":"2025-11-22T10:43:29","slug":"home","status":"publish","type":"page","link":"https:\/\/urbanisationharmonieusedesauzet.fr\/index.php\/home\/","title":{"rendered":"Notre Objectif"},"content":{"rendered":"\n<h3 class=\"wp-block-heading\">Pr\u00e9server l&rsquo;environnement et le cadre de vie a Sauzet<\/h3>\n\n\n\n<p><strong>Informer les Sauzillards<\/strong> des projets de constructions et des effets pervers li\u00e9s \u00e0 une urbanisation intense et trop rapide.<br><strong>Participer aux d\u00e9bats<\/strong> et intervenir au nom des Sauzillards aupr\u00e8s de la mairie, de Mont\u00e9limar-Agglom\u00e9ration et de la Pr\u00e9fecture.<br><strong>Soutenir les initiatives<\/strong> propres \u00e0 sauvegarder l\u2019esprit, le caract\u00e8re et la qualit\u00e9 de vie \u00e0 Sauzet.<\/p>\n\n\n\n<h1 class=\"wp-block-heading\">Les dossiers \u00e0 suivre<\/h1>\n\n\n\n<h4 class=\"wp-block-heading\">PLUI-H<\/h4>\n\n\n\n<p class=\"has-text-align-left\"><\/p>\n\n\n<p>Le PADD du PLU, valid\u00e9 par les services de l\u2019\u00e9tat il a 3 ans n&rsquo;est plus valide. Il sera remplac\u00e9 par un nouveau PADD, puis par le PLUI-H, dont l\u2019agglo- Mont\u00e9limar est le maitre d\u2019\u0153uvre. Il n\u2019est pas du tout garanti que les orientations inscrites au PADD de Sauzet soient retenues. Nous en saurons plus quand Mont\u00e9limar &#8211; Agglo organisera une r\u00e9union publique d&rsquo;information.<\/p>\n\n\n<h4 class=\"wp-block-heading\">Projet immobilier sur le friche industrielle EG Moulding<\/h4>\n\n\n<p>Nous avons \u00e9t\u00e9 inform\u00e9s il y a plusieurs mois, d&rsquo;une demande de permis de construire concernant\u00a0 le friche industrielle EG Moulding. Le projet porte sur un lotissement de standing de 46 logements.\u00a0 Nous ignorons si un tel projet a sa place dans les projections du futur PLUI-H et quelles seront les exigences de l&rsquo;Etat en mati\u00e8re de d\u00e9pollution. Nous n&rsquo;avons pas de nouvelle information \u00e0 ce jour.<\/p>\n\n\n<h4 class=\"wp-block-heading\">Projet de la poste<\/h4>\n\n\n<p>Apr\u00e8s nous avoir assur\u00e9 il y a quelques mois que le projet de La Poste \u00e9tait toujours d\u2019actualit\u00e9, il semblerait que le maire ait finalement renonc\u00e9 \u00e0 poursuivre ce projet pourtant soutenu et approuv\u00e9 en r\u00e9union publique il y a 2 ans. L\u00e0 encore, la prochaine r\u00e9union publique d&rsquo;information nous \u00e9clairera sur la poursuite ou non du projet.<\/p>\n\n\n<h4 class=\"wp-block-heading\">Projet d&rsquo;am\u00e9nagement de l&rsquo;Ilot Sestier<\/h4>\n\n\n\n<p>Le projet original du PLU pour l&rsquo;ilot Sestier pr\u00e9voyait la r\u00e9alisation d&rsquo;habitations adapt\u00e9es aux personnes \u00e2g\u00e9es. Nous d\u00e9couvrirons \u00e0 la prochaine r\u00e9union publique si le projet fait partie du PLUI.<\/p>\n\n\n\n<h4 class=\"wp-block-heading\">Probl\u00e9matique du ruissellement des eaux de pluie<\/h4>\n\n\n\n<p>Depuis plusieurs ann\u00e9es, nous demandons \u00e0 ce que la municipalit\u00e9 commande une \u00e9tude sur le ruissellement des eaux de pluie pour \u00e9viter les inondations dans les maisons et les dommages de voirie. Le maire a confirm\u00e9 qu&rsquo;une \u00e9tude \u00e9tait bien pr\u00e9vue. Nous ignorons si elle a \u00e9t\u00e9 r\u00e9alis\u00e9e.<\/p>\n\n\n<div class=\"wp-block-image\">\n<figure class=\"alignright size-full\"><a href=\"https:\/\/www.facebook.com\/groups\/1400219747544498\" target=\"_blank\" rel=\"noreferrer noopener\"><img loading=\"lazy\" decoding=\"async\" width=\"389\" height=\"129\" src=\"http:\/\/urbanisationharmonieusedesauzet.fr\/wp-content\/uploads\/2023\/08\/fimages-1.jpeg\" alt=\"\" class=\"wp-image-407\" srcset=\"https:\/\/urbanisationharmonieusedesauzet.fr\/wp-content\/uploads\/2023\/08\/fimages-1.jpeg 389w, https:\/\/urbanisationharmonieusedesauzet.fr\/wp-content\/uploads\/2023\/08\/fimages-1-300x99.jpeg 300w\" sizes=\"auto, (max-width: 389px) 100vw, 389px\" \/><\/a><\/figure>\n<\/div>","protected":false},"excerpt":{"rendered":"<p>Pr\u00e9server l&rsquo;environnement et le cadre de vie a Sauzet Informer les Sauzillards des projets de constructions et des effets pervers li\u00e9s \u00e0 une urbanisation intense et trop rapide.Participer aux d\u00e9bats et intervenir au nom des Sauzillards aupr\u00e8s de la mairie, de Mont\u00e9limar-Agglom\u00e9ration et de la Pr\u00e9fecture.Soutenir les initiatives propres \u00e0 sauvegarder l\u2019esprit, le caract\u00e8re et &hellip; <\/p>\n<p class=\"link-more\"><a href=\"https:\/\/urbanisationharmonieusedesauzet.fr\/index.php\/home\/\" class=\"more-link\">Continuer la lecture<span class=\"screen-reader-text\"> de &laquo;&nbsp;Notre Objectif&nbsp;&raquo;<\/span><\/a><\/p>\n","protected":false},"author":1,"featured_media":0,"parent":0,"menu_order":0,"comment_status":"closed","ping_status":"closed","template":"","meta":{"om_disable_all_campaigns":false,"_monsterinsights_skip_tracking":false,"_monsterinsights_sitenote_active":false,"_monsterinsights_sitenote_note":"","_monsterinsights_sitenote_category":0,"footnotes":""},"class_list":["post-74","page","type-page","status-publish","hentry"],"aioseo_notices":[],"_links":{"self":[{"href":"https:\/\/urbanisationharmonieusedesauzet.fr\/index.php\/wp-json\/wp\/v2\/pages\/74","targetHints":{"allow":["GET"]}}],"collection":[{"href":"https:\/\/urbanisationharmonieusedesauzet.fr\/index.php\/wp-json\/wp\/v2\/pages"}],"about":[{"href":"https:\/\/urbanisationharmonieusedesauzet.fr\/index.php\/wp-json\/wp\/v2\/types\/page"}],"author":[{"embeddable":true,"href":"https:\/\/urbanisationharmonieusedesauzet.fr\/index.php\/wp-json\/wp\/v2\/users\/1"}],"replies":[{"embeddable":true,"href":"https:\/\/urbanisationharmonieusedesauzet.fr\/index.php\/wp-json\/wp\/v2\/comments?post=74"}],"version-history":[{"count":37,"href":"https:\/\/urbanisationharmonieusedesauzet.fr\/index.php\/wp-json\/wp\/v2\/pages\/74\/revisions"}],"predecessor-version":[{"id":702,"href":"https:\/\/urbanisationharmonieusedesauzet.fr\/index.php\/wp-json\/wp\/v2\/pages\/74\/revisions\/702"}],"wp:attachment":[{"href":"https:\/\/urbanisationharmonieusedesauzet.fr\/index.php\/wp-json\/wp\/v2\/media?parent=74"}],"curies":[{"name":"wp","href":"https:\/\/api.w.org\/{rel}","templated":true}]}}